hat is the value of (-4 + -3 + -2 - -10) + -13?
-12
What is 22 + (-10 + 4 - 0) + -6?
10
What is the value of (1 - 2 - 5) + -5 - (-2 - 3)?
-6
Calculate -3 + (-26 - (-7 - 9)) + 4.
-9
What is -5 - 18 - (56 + -55)?
-24
What is the value of 5 + 1 - ((23 - 16) + -12 + 19)?
-8
Calculate -10 + (-6 - (0 - 14)).
-2
Calculate -1 - -11 - (-26 + 36).
0
Evaluate -3 - -32 - (118 + -95).
6
-60 - -56 - (-13 - -2)
7
What is the value of 5 + (5 - 5) + (12 - 15) + -4?
-2
What is 12 - ((58 - -8) + -5 - 17)?
-32
9 - (8 + -39) - 56
-16
Calculate -4 + (-1 + -5 - (5 + 13 + -33)).
5
What is 11 + (-4 - (3 + (-7 - (-6 - 3))))?
2
What is the value of (-26 - (-3 - 11)) + (30 - -18)?
36
Evaluate 14 - (37 - 8 - 3).
-12
Calculate -27 + 13 + 14 + -14 + -9.
-23
Evaluate (40 - 24) + (-24 - 5).
-13
12 + -6 - (-38 + 29)
15
Evaluate (25 - (9 + 7)) + -21.
-12
Calculate (2 - (-14 + 9)) + -5 + 0 + -10.
-8
Calculate (-12 - (-4 + 4)) + (83 - 68).
3
What is 10 + (4 - -11 - 16) + (-2 - -15)?
22
Calculate 9 - (10 + 12 + -7 + -3).
-3
Evaluate -1 + 10 + (6 - 26 - -12) + -8.
-7
What is the value of (14 - (18 - 0)) + -2 + -1?
-7
What is the value of (2 - 8) + 2 + 4 - (15 + 11)?
-26
-8 + (7 - 2 - 8 - 1)
-12
What is 3 + 0 + (-6 - -10 - 13) - 6?
-12
Calculate 17 - (0 + -8 - -13).
12
Evaluate 85 - 91 - (6 + -4).
-8
What is the value of 13 - (-7 - (0 - (3 - -3)))?
14
Calculate (-1 - (-10 - 7)) + -20.
-4
(10 - 0 - 0) + -8 + -14
-12
Calculate (6 - 23) + -6 - (35 - 51).
-7
What is the value of 16 + (31 - 17) + -20 - 9?
1
What is 18 - ((-54 - -28) + 31)?
13
What is the value of -2 - (1 + -5 + -8) - (6 - -17)?
-13
Calculate 32 - (-4 - (-14 - (0 + 9 + -14))).
27
8 + (-1 - (8 + (-11 - -8))) + -3
-1
Evaluate 6 - (4 - (0 - -7)).
9
What is the value of 2 + (-3 - (-1 + -4 + 0 + 1))?
3
3 - (5 + (12 - 8 - 12))
6
Calculate -3 + (3 - -1) + -33 + 21.
-11
Evaluate 0 + (8 - (3 + 1 + -2)) - 15.
-9
0 + (5 - 2) + (-6 + -77 - -92)
12
19 + (15 - 24) + -2
8
What is the value of -13 + 17 + (7 - -2) + 0 + -1?
12
Calculate (3 - 22) + 20 + -8.
-7
13 + -28 + 9 - -11
5
What is the value of 14 + -4 - ((14 - 6) + -10)?
12
Evaluate 131 + -98 + (1 - 59).
-25
Calculate (-21 - (18 - 13 - (5 - -3))) + -10.
-28
Evaluate 3 + 3 - 3 - (-7 + (11 - 2)).
1
What is the value of 20 - 45 - (3 - 13)?
-15
What is 4 - 0 - (44 - 85 - -45)?
0
12 + -26 + 22 + 11 + -1
18
What is 2 + 4 - (-1 + (7 - 6))?
6
Calculate 6 + 3 + -8 + (-6 - (9 + -13)).
-1
What is -5 + 14 + -6 + -4?
-1
-17 + (1 - -9) + 20 + -10
3
4 - ((0 - 2) + 4 + 4)
-2
(2 - (4 - (-4 - 0))) + (204 - 221)
-23
What is the value of (7 - -2) + -28 + -5?
-24
What is (-2 + 0 - 13) + (12 - (9 - 3))?
-9
What is 2 + -1 - (7 - 12)?
6
What is the value of -27 + -6 + -4 + -10 + 13 + 5?
-29
Evaluate -13 + (14 - (14 - 22)) - 28.
-19
(2 - -4) + (5 - (8 - 6))
9
9 - (-11 + 29 + -7)
-2
Calculate (33 - 30) + -1 + 3 - (1 - 2).
6
What is 1 + 0 - ((-41 - -42) + (-36 - -7))?
29
Evaluate 23 - (16 + -6 + 3).
10
Calculate (-44 - (-15 - -33)) + 18 - -6.
-38
Evaluate (-1 - 13) + (45 - 13).
18
Evaluate 25 + -31 + 17 + (0 - 8).
3
What is the value of 22 + -15 + (-1 - 0)?
6
Calculate (-28 - 3) + 6 - (-6 + 3 + -2).
-20
(15 - 4 - 3 - 9) + -1
-2
What is -6 + (0 - 7 - (-104 + 94))?
-3
Calculate 1 - 1 - (6 + 2 + -6).
-2
7 - (-16 + 13 + 17)
-7
Calculate (16 + -19 - -1) + 7.
5
Calculate (-3 - 0) + (11 - 30 - -11 - 2).
-13
Calculate -4 - (-7 - -4 - -16).
-17
What is (2 - 27) + (-17 - -29)?
-13
What is -19 - (1 + -14 + (4 - -4))?
-14
What is -16 + 59 - (72 + 3)?
-32
What is the value of 3 + -3 + -8 + (2 - 10) + 3?
-13
Evaluate 2 - (3 - 0 - (12 - 0 - 7)).
4
Evaluate 71 + -88 - (-2 - 7).
-8
Calculate (-6 + 83 - 23) + -20.
34
-5 + 1 + -3 + -170 + 165
-12
What is the value of -24 + 6 - -25 - 10?
-3
Calculate -10 + (-6 + 12 - 1 - 5).
-10
Calculate -8 + -1 + -3 + (140 - 137).
-9
Evaluate -17 - (-16 - -21) - -39.
17
(2 - 18 - (-14 + 9)) + 6 + -2
-7
Evaluate (-18 - -6) + 8 + -7 + -6 + -1.
-18
Calculate (0 - -1) + -5 + (12 - (-1 - -3)).
6
What is the value of -12 + (-3 + 3 - -3 - 7) - 2?
-18
Evaluate -152 + 151 + 6 + -2 + 2.
5
Calculate -1 - -5 - (8 + -15 - 1) - 3.
9
Evaluate -8 + 15 - (13 + -1 - (17 + -16)).
-4
Evaluate -4 + -3 + (4 - 0) + 5 + -12.
-10
(21 - 0) + (-9 - ((-6 - 7) + 9))
16
What is (2 + -12 - 1) + (8 - (16 - 7))?
-12
What is the value of 20 + -33 - (-6 - -3)?
-10
4 + -1 - (-6 + (8 - 14) + 19)
-4
What is the value of 3 + (18 - 6) - 0?
15
Calculate 66 - (45 + 6) - (1 - 20).
34
1 - 8 - (-8 + 3) - (-12 + 17)
-7
What is the value of 1 - -2 - (-4 - -20)?
-13
What is the value of 6 + (4 - (18 - 8)) + (1 - -16)?
17
Calculate -8 - (0 + 1 - 0) - (242 - 236).
-15
Calculate -6 + (-10 - -3) + 11 + 5.
3
Evaluate 10 - 29 - (13 - 5).
-27
Evaluate 9 + (-24 - (-15 + 2)).
-2
Evaluate -5 - 0 - (3 + (8 - (8 - 1))).
-9
Calculate -33 + -6 + 8 + 9 + (2 - 3).
-23
What is the value of (-6 - -32 - (22 - 13)) + -15?
2
What is -13 + (-10 - -24 - 5)?
-4
What is the value of 1 + -1 - (23 + -1 + (-11 - -4))?
-15
What is (7 - -3) + (14 - 20) - 10?
-6
9 + (-1 - 13 - (-52 - -43))
4
Evaluate -8 + 0 - (21 + -20 - (15 + -11)).
-5
-2 + 0 - (-181 + 191)
-12
(0 - (1 - 2)) + (5 - -1 - 11)
-4
What is -7 - (-3 + 2 + (-5 - -6) - 2)?
-5
What is the value of (16 - (2 - -24)) + 21?
11
14 + (1 - 10) + 125 + -128
2
What is -3 + -8 + 1 - (0 - 5)?
-5
Calculate -7 + 13 + -18 - -8.
-4
What is the value of -4 + 0 + 4 + (248 - 253)?
-5
What is the value of -3 - (-2 - (14 + -7 + 4))?
10
What is -45 + 0 - (-92 + 83) - (11 - 19)?
-28
Calculate -27 + (-9 - (-30 + 6)).
-12
Calculate 45 - 19 - (3 - -14) - (38 - 2).
-27
12 + -12 - -10 - 27 - -16
-1
What is 17 + (-3 - -11) + -8 - 9?
8
Evaluate -6 - ((0 - -1) + (26 - 32)).
-1
What is -4 - (-27 - -20 - -31 - (6 - 3))?
-25
What is the value of -16 - -9 - (1 + 3 - (-5 - -7))?
-9
What is the value of -144 - -176 - (2 - (-5 - (1 - 0)))?
24
Calculate -16 - -18 - (-10 - (0 + -2 + -1)).
9
-38 + 19 + 13 + (0 - -16) + 6
16
13 + 4 + 3 + (51 - 99)
-28
Calculate 17 - (-6 + 3 + 1 + (6 - 0)).
13
What is -13 - -68 - 46 - (0 - 0)?
9
What is the value of -7 - (1 - -6 - (13 + 2) - -4)?
-3
What is the value of (-2 - (1 - 2) - -6) + -31 + 14?
-12
Calculate (7 - 0) + (9 + 6 - 25).
-3
(9 - (23 + 5 + -9)) + 4
-6
22 + 3 - (-6 + (13 - -3))
15
What is the value of 1 + 16 + (16 - (-5 + 28))?
10
Evaluate -8 - (2 - -1 - (-14 + 21)).
-4
What is 89 + -95 + (1 - -2) + 1?
-2
-23 - (42 - 34) - -49
18
What is 7 - (6 - (19 + -12))?
8
Calculate -5 - (-3 - (-3 + 4) - (-9 - -1)).
-9
Evaluate 9 - ((-16 - -8 - -13) + 30).
-26
Calculate (-5 - -21) + -19 - 8 - 0.
-11
Evaluate 220 - 233 - (1 - (2 + 3)).
-9
Evaluate 5 - (-26 - (-15 - 8)).
8
What is the value of -1 + -16 + 16 + -2?
-3
What is 7 + -5 + 10 + (-9 + 3 - 4)?
2
Calculate (-15 - (-17 + 11)) + -2.
-11
4 + (2 + -19 - (-137 + 128))
-4
What is the value of -72 + 69 + (-1 - (-3 + -1)) + 7?
7
What is the value of 13 + 1 - (38 - 8)?
-16
What is the value of 0 - ((0 - 10) + 7 + 5 + -11)?
9
Calculate 31 - (25 + 19) - 8.
-21
What is (-30 - -18) + (7 + (0 - 1) - 3)?
-9
13 + 16 + (-5 - 10)
14
Evaluate -10 + 9 + -4 + (-2 - (-7 - -1)).
-1
What is 1 - -19 - (-13 + (18 - 17) - -7)?
25
-16 + 6 + -18 + 14
-14
What is the value of 4260 + -4253 - ((-1 - -1) + -6)?
13
What is the value of 3 + -4 - (-7 - (8 + -6)) - -6?
14
(-4 - -3) + -16 + (6 - (-18 - -27))
-20
What is (5 + (4 - 8) - -7) + -29 + 0?
-21
-13 - -8 - (15 + -36 - (-4 - 0))
12
What is the value of 0 + -4 + (-4 - 2) + 7 + 6?
3
What is (-45 - -28 - -21) + 2 + -21?
-15
Calculate -20 + (-3 - -6 - (21 - 24)).
-14
What is (164 - 129) + -10 + (6 - 3) + -1?
27
Evaluate (47 - 38) + (-36 - (5 + -2 - 7)).
-23
(-11 - 4 - (31 + -32)) + 13
-1
What is the value of 13 - (5 + (27 - 12))?
-7
Evaluate -1 + (9 - (-6 + 12)) + -11.
-9
What is the value of (-12 - -14 - (13 + -4 + -3)) + 13?
9
3 + -1 - (10 + (7 + -12 - 11))
8
Evaluate -7 + 4 + 30 - (-2 + -2 - -12).
19
Calculate -32 + 69 + -31 - (20 - (-3 - 0)).
-17
Evaluate 20 - (-10 + 9 + 11) - 2.
8
18 + -25 + 18 + 4 + -1 + 5
19
What is the value of 32 - ((5 - 8) + 21)?
14
What is the value of 28 - (5 + 4 + (8 - 10) + -8)?
29
-3 + 21 + 4 + -15
7
(-13 - -44 - 39) + (0 - -7)
-1
Calculate (-23 + 15 + (1 - 0) - -3) + 27.
23
Calculate -7 + -6 - (-205 - -164).
28
Calculate (-1 - (-14 + 6)) + -3.
4
Calculate -80 + 82 - (22 + 1).
-21
What is 2 - 6 - (-2 - (-4 +